{"id":227,"date":"2024-05-11T13:45:59","date_gmt":"2024-05-11T11:45:59","guid":{"rendered":"https:\/\/vita.com.bo\/linea-invierno\/?post_type=product&#038;p=227"},"modified":"2024-05-12T23:05:52","modified_gmt":"2024-05-12T21:05:52","slug":"vitagrip-caliente","status":"publish","type":"product","link":"https:\/\/vita.com.bo\/linea-invierno\/?product=vitagrip-caliente","title":{"rendered":"VitaGrip Caliente"},"content":{"rendered":"","protected":false},"excerpt":{"rendered":"<h5 class=\"sub-producto color\">Antigripal Multis\u00edntoma<\/h5>\n<h6 style=\"color:#1a3066;\">Indicaciones Terap\u00e9uticas<\/h6>\n<p>Est\u00e1 indicado para la prevenci\u00f3n y tratamiento de los estados gripales, resfriado com\u00fan, control sintom\u00e1tico de la bronquitis asmatiforme, control de la tos improductiva de diversa etiolog\u00eda, tratamiento sintom\u00e1tico de la faringitis, rinitis al\u00e9rgica. Coadyuvante en el tratamiento de la fiebre de heno, disminuci\u00f3n de la fiebre que acompa\u00f1a a los resfriados y a la gripe, al igual que la congesti\u00f3n nasal, v\u00edas respiratorias altas y cefaleas.<\/p>\n<h6 style=\"color:#1a3066;\">Beneficios<\/h6>\n<ul>\n<li>Alivia:<br \/>\n&#8211; Dolor muscular<br \/>\n&#8211; Dolor de cabeza<br \/>\n&#8211; Malestar general<br \/>\n&#8211; Descongestionante Nasal<br \/>\n&#8211; Controla la tos<\/li>\n<li>Sabor Lim\u00f3n<\/li>\n<li>Tomar a cualquier hora del d\u00eda<\/li>\n<\/ul>\n<p>[toggles accordion=\u00bbtrue\u00bb] [toggle title=\u00bbACCI\u00d3N TERAP\u00c9UTICA\u00bb color=\u00bbAccent-Color\u00bb id=\u00bbb1&#8243;] Antigripal Multis\u00edntoma. [\/toggle] [toggle title=\u00bbPRINCIPIO ACTIVO\u00bb color=\u00bbAccent-Color\u00bb id=\u00bbb2&#8243;] Cada sobre x 15 g contiene:<br \/>\nParacetamol 500 mg<br \/>\nClorhidrato de pseudoefedrina 40 mg<br \/>\nMaleato de clorfeniramina 2 mg<br \/>\nBromhidrato de Dextrometorfano 15 mg<br \/>\nExcipiente c.s.p. 15 g. [\/toggle] [toggle title=\u00bbPRESENTACIONES\u00bb color=\u00bbAccent-Color\u00bb id=\u00bbb3&#8243;]Cajas x 25 sobre de 15 g[\/toggle] [\/toggles]<\/p>\n<p>&nbsp;<\/p>\n","protected":false},"featured_media":228,"template":"","meta":[],"product_cat":[44,45],"product_tag":[],"class_list":{"0":"post-227","1":"product","2":"type-product","3":"status-publish","4":"has-post-thumbnail","6":"product_cat-vitagrip","7":"product_cat-todos","8":"pa_alivio-para-gripe-resfrio","10":"first","11":"instock","12":"shipping-taxable","13":"product-type-simple"},"_links":{"self":[{"href":"https:\/\/vita.com.bo\/linea-invierno\/index.php?rest_route=\/wp\/v3\/product\/227","targetHints":{"allow":["GET"]}}],"collection":[{"href":"https:\/\/vita.com.bo\/linea-invierno\/index.php?rest_route=\/wp\/v3\/product"}],"about":[{"href":"https:\/\/vita.com.bo\/linea-invierno\/index.php?rest_route=\/wp\/v2\/types\/product"}],"wp:featuredmedia":[{"embeddable":true,"href":"https:\/\/vita.com.bo\/linea-invierno\/index.php?rest_route=\/wp\/v2\/media\/228"}],"wp:attachment":[{"href":"https:\/\/vita.com.bo\/linea-invierno\/index.php?rest_route=%2Fwp%2Fv2%2Fmedia&parent=227"}],"wp:term":[{"taxonomy":"product_cat","embeddable":true,"href":"https:\/\/vita.com.bo\/linea-invierno\/index.php?rest_route=%2Fwp%2Fv2%2Fproduct_cat&post=227"},{"taxonomy":"product_tag","embeddable":true,"href":"https:\/\/vita.com.bo\/linea-invierno\/index.php?rest_route=%2Fwp%2Fv2%2Fproduct_tag&post=227"}],"curies":[{"name":"wp","href":"https:\/\/api.w.org\/{rel}","templated":true}]}}