{"id":236,"date":"2024-05-12T01:25:02","date_gmt":"2024-05-11T23:25:02","guid":{"rendered":"https:\/\/vita.com.bo\/linea-invierno\/?post_type=product&#038;p=236"},"modified":"2024-05-12T23:05:47","modified_gmt":"2024-05-12T21:05:47","slug":"vitagripin","status":"publish","type":"product","link":"https:\/\/vita.com.bo\/linea-invierno\/?product=vitagripin","title":{"rendered":"VitaGripin"},"content":{"rendered":"","protected":false},"excerpt":{"rendered":"<h5 class=\"sub-producto color\">Antigripal Multis\u00edntoma para ni\u00f1os<\/h5>\n<h6 style=\"color: #1a3066;\">Indicaciones Terap\u00e9uticas<\/h6>\n<p>Est\u00e1 indicado en la prevenci\u00f3n y tratamiento de los estados gripales, resfriado com\u00fan. Fiebre que acompa\u00f1a a los resfriados y a la gripe, congesti\u00f3n nasal y de las v\u00edas respiratorias altas. Coadyuvante en faringitis, cefaleas, rinitis al\u00e9rgica.<\/p>\n<h6 style=\"color: #1a3066;\">Beneficios<\/h6>\n<ul>Alivia:<\/p>\n<li>Dolor muscular<\/li>\n<li>Dolor de cabeza<\/li>\n<li>Malestar general<\/li>\n<li>Descongestionante Nasal<\/li>\n<li>Controla la tos<\/li>\n<li>Sue\u00f1o reparador<\/li>\n<\/ul>\n<p>[toggles accordion=\u00bbtrue\u00bb] [toggle title=\u00bbACCI\u00d3N TERAP\u00c9UTICA\u00bb color=\u00bbAccent-Color\u00bb id=\u00bbb1&#8243;] Antigripal Multis\u00edntoma. [\/toggle] [toggle title=\u00bbPRINCIPIO ACTIVO\u00bb color=\u00bbAccent-Color\u00bb id=\u00bbb2&#8243;]Composici\u00f3n por 3,5 g contiene:<br \/>\nParacetamol 160 mg<br \/>\nClorhidrato de pseudoefedrina 15 mg<br \/>\nMaleato de clorfeniramina 0.75 mg<br \/>\nBromhidrato de Dextrometorfano 7,5 mg<br \/>\nExcipiente c.s.p. 3,5 g. [\/toggle] [toggle title=\u00bbPRESENTACIONES\u00bb color=\u00bbAccent-Color\u00bb id=\u00bbb3&#8243;]Cajas x 25 sobres de 3,5 g[\/toggle] [\/toggles]<\/p>\n<p>&nbsp;<\/p>\n","protected":false},"featured_media":234,"template":"","meta":[],"product_cat":[44,45],"product_tag":[],"class_list":{"0":"post-236","1":"product","2":"type-product","3":"status-publish","4":"has-post-thumbnail","6":"product_cat-vitagrip","7":"product_cat-todos","8":"pa_alivio-para-gripe-resfrio","10":"first","11":"instock","12":"shipping-taxable","13":"product-type-simple"},"_links":{"self":[{"href":"https:\/\/vita.com.bo\/linea-invierno\/index.php?rest_route=\/wp\/v3\/product\/236","targetHints":{"allow":["GET"]}}],"collection":[{"href":"https:\/\/vita.com.bo\/linea-invierno\/index.php?rest_route=\/wp\/v3\/product"}],"about":[{"href":"https:\/\/vita.com.bo\/linea-invierno\/index.php?rest_route=\/wp\/v2\/types\/product"}],"wp:featuredmedia":[{"embeddable":true,"href":"https:\/\/vita.com.bo\/linea-invierno\/index.php?rest_route=\/wp\/v2\/media\/234"}],"wp:attachment":[{"href":"https:\/\/vita.com.bo\/linea-invierno\/index.php?rest_route=%2Fwp%2Fv2%2Fmedia&parent=236"}],"wp:term":[{"taxonomy":"product_cat","embeddable":true,"href":"https:\/\/vita.com.bo\/linea-invierno\/index.php?rest_route=%2Fwp%2Fv2%2Fproduct_cat&post=236"},{"taxonomy":"product_tag","embeddable":true,"href":"https:\/\/vita.com.bo\/linea-invierno\/index.php?rest_route=%2Fwp%2Fv2%2Fproduct_tag&post=236"}],"curies":[{"name":"wp","href":"https:\/\/api.w.org\/{rel}","templated":true}]}}